 divisor of 3731 and 416314.
41
Calculate the greatest common factor of 21935651 and 941.
941
Calculate the highest common factor of 620762 and 167534.
422
What is the greatest common divisor of 38244645 and 612?
153
What is the greatest common factor of 3241346922 and 3366?
3366
What is the highest common divisor of 396611577 and 1791?
1791
Calculate the highest common factor of 686054 and 146.
146
Calculate the highest common divisor of 2656330 and 19620.
1090
Calculate the highest common divisor of 221 and 13995618.
13
What is the greatest common divisor of 416609968 and 16?
16
Calculate the highest common divisor of 197793 and 3573.
9
What is the highest common factor of 8 and 3088537?
1
What is the greatest common factor of 16700126 and 13509?
1501
What is the highest common divisor of 186 and 46609802?
62
Calculate the highest common divisor of 11625 and 9391791.
93
What is the greatest common factor of 28336644 and 4347?
1449
Calculate the highest common divisor of 1389 and 1490902596.
1389
What is the highest common divisor of 42454363 and 553?
553
What is the greatest common divisor of 560782 and 369158?
2818
Calculate the greatest common divisor of 13 and 4844372.
13
What is the highest common factor of 141504 and 10752?
192
Calculate the greatest common divisor of 95485715 and 1480.
185
Calculate the highest common factor of 2933676 and 6004.
76
Calculate the greatest common factor of 1769246 and 424.
106
Calculate the highest common factor of 729 and 135315.
9
Calculate the highest common factor of 1183 and 135520.
7
Calculate the highest common factor of 3603204 and 2607.
33
Calculate the highest common divisor of 30967 and 157341.
179
Calculate the highest common factor of 12992 and 2930711.
203
What is the greatest common divisor of 31488 and 69413?
41
What is the highest common factor of 18230802 and 690?
6
Calculate the greatest common factor of 31061131 and 13190.
1319
Calculate the greatest common factor of 33904172 and 498.
166
Calculate the highest common divisor of 16486770 and 12.
6
Calculate the greatest common divisor of 15234635 and 25.
5
Calculate the greatest common factor of 4245 and 204794365.
1415
Calculate the highest common divisor of 56 and 158754260.
28
What is the greatest common factor of 499338269 and 29?
29
What is the highest common factor of 176804280 and 17847?
5949
Calculate the highest common factor of 45402023 and 1978.
989
What is the greatest common factor of 1427816 and 8?
8
Calculate the greatest common factor of 1938 and 562377.
51
Calculate the highest common factor of 396 and 498124.
44
What is the greatest common divisor of 96 and 3153444?
12
Calculate the highest common divisor of 372574473 and 9.
3
Calculate the greatest common factor of 6109 and 10769273.
149
Calculate the greatest common divisor of 3680 and 527980.
20
What is the greatest common factor of 141056 and 8642?
58
What is the greatest common divisor of 554610 and 367099?
2641
What is the highest common divisor of 974 and 41734439?
487
Calculate the highest common factor of 7558 and 343972138.
7558
What is the highest common divisor of 5565 and 645855?
105
What is the highest common divisor of 9486342 and 108?
54
Calculate the greatest common factor of 7119 and 103006393.
791
What is the highest common divisor of 7 and 24746939?
7
What is the highest common divisor of 30039 and 28010883?
969
Calculate the greatest common divisor of 69450 and 22440.
30
Calculate the greatest common divisor of 134992 and 91894.
22
Calculate the greatest common factor of 30396 and 135441.
447
What is the highest common divisor of 100350 and 4221?
9
Calculate the greatest common divisor of 77987 and 34762.
91
Calculate the greatest common factor of 15235 and 2054690.
55
What is the greatest common factor of 283805 and 9145?
155
What is the greatest common factor of 61263 and 36927?
9
Calculate the greatest common factor of 66200 and 135350.
50
Calculate the greatest common factor of 60027 and 16115.
11
Calculate the highest common factor of 865119 and 100488.
159
Calculate the highest common factor of 57128 and 843896.
296
What is the highest common factor of 5120 and 110103040?
2560
Calculate the highest common divisor of 177040770 and 30.
30
Calculate the highest common divisor of 4422296 and 8.
8
What is the highest common factor of 1364 and 2071296?
124
Calculate the highest common divisor of 90212 and 112143012.
4748
Calculate the highest common factor of 6 and 78578043.
3
Calculate the greatest common divisor of 634875 and 20250.
375
What is the greatest common divisor of 12 and 17103752?
4
Calculate the greatest common divisor of 1506606 and 22282.
1714
What is the highest common divisor of 96111 and 147334?
181
What is the highest common divisor of 114600 and 3882648?
4584
Calculate the greatest common factor of 71653265 and 430.
215
Calculate the greatest common factor of 1065 and 8794344.
213
What is the highest common divisor of 65378228 and 141019?
4549
Calculate the greatest common factor of 770656590 and 31.
31
Calculate the highest common factor of 108826055 and 1027.
1027
Calculate the highest common divisor of 6755 and 1279600.
35
What is the greatest common factor of 202684820 and 806?
806
Calculate the greatest common factor of 3762 and 1496616.
66
What is the greatest common factor of 1056414 and 1428?
102
What is the greatest common factor of 2070 and 6078762?
414
What is the greatest common divisor of 135539 and 2944?
23
What is the greatest common factor of 4066 and 200518?
214
What is the greatest common factor of 159 and 4469278?
53
Calculate the highest common factor of 80 and 37641640.
40
Calculate the highest common factor of 2134125 and 3675.
525
Calculate the greatest common divisor of 7664256 and 608.
32
What is the highest common divisor of 173820664 and 4136?
376
What is the highest common factor of 104125340 and 880?
220
What is the greatest common divisor of 872 and 272683556?
436
What is the greatest common divisor of 644760 and 1099475?
995
What is the greatest common divisor of 441 and 1379427?
21
What is the highest common factor of 609014 and 31816?
82
Calculate the highest common factor of 13615 and 334169283.
2723
What is the greatest common factor of 26987655 and 30?
15
What is the highest common divisor of 2720 and 151742880?
160
What is the highest common divisor of 2059 and 37207?
29
Calculate the greatest common factor of 2940 and 26145420.
2940
Calculate the greatest common divisor of 6245811 and 26312.
3289
What is the greatest common factor of 28 and 26540542?
14
Calculate the greatest common factor of 304 and 7622704.
16
Calculate the highest common divisor of 13144330 and 80.
10
Calculate the greatest common divisor of 8509 and 674176579.
8509
Calculate the greatest common divisor of 410393693 and 67.
67
What is the highest common divisor of 472 and 39197476?
236
Calculate the highest common factor of 99 and 2837223.
9
Calculate the highest common factor of 390 and 116870.
130
What is the highest common divisor of 2175 and 6223785?
15
Calculate the greatest common factor of 138787896 and 312.
312
What is the highest common divisor of 15174972 and 2272?
284
What is the highest common divisor of 4034148 and 33?
3
What is the greatest common factor of 474787275 and 345?
345
Calculate the greatest common divisor of 63244089 and 414.
207
What is the highest common divisor of 2813845 and 68335?
865
Calculate the highest common divisor of 126865 and 640.
5
Calculate the greatest common factor of 1232 and 4016304.
16
What is the highest common factor of 104 and 2952616?
8
Calculate the greatest common factor of 18 and 180624462.
6
Calculate the greatest common divisor of 3152 and 17449008.
16
Calculate the highest common factor of 1832906 and 1148163.
799
What is the greatest common divisor of 469 and 24814321?
469
Calculate the greatest common divisor of 13133 and 7047200.
23
Calculate the greatest common divisor of 7035 and 142109345.
2345
What is the highest common factor of 113160362 and 8524?
4262
Calculate the highest common factor of 97434954 and 261.
261
Calculate the highest common divisor of 38312756 and 184.
92
Calculate the highest common factor of 6284208 and 254408.
3304
Calculate the g